ctor of r and f.
4
Suppose -4*r - 4 = -8*r - 4*s, 0 = 2*r - 2*s - 14. Suppose r*y = -2*c - y + 46, 5*y + 6 = 2*c. Calculate the greatest common factor of c and 52.
13
Let g(j) = -j + 5. Let d be g(0). Suppose 5*t + 12 = -2*x + t, x - 22 = d*t. Calculate the greatest common divisor of x and 1.
1
Suppose 2*v = 4 + 12. Suppose 6*c - 2*c = v. Calculate the highest common factor of 8 and c.
2
Suppose -126 = -4*o + 238. Let k be (-1 - (-1 - 1)) + 26. Let i = k - 14. What is the highest common divisor of i and o?
13
Let u(d) = 223*d**2 - 1. Let v be u(1). Suppose -i + 4*i = -v. Let w be i/(-3) + 2/(-3). What is the highest common divisor of w and 60?
12
Let c be -2*2/(-12)*(6 + 159). Suppose q - 2*t = 19, q + 2*t - 7*t = 31. Calculate the greatest common factor of c and q.
11
Let r = -29 - -44. Let b(h) = 2*h**2 - 5*h - 2. Let l be b(4). Calculate the highest common factor of r and l.
5
Suppose 9 = q - 19. Let x = 40 - -2. Calculate the greatest common factor of q and x.
14
Let r = 22 + 6. Suppose -r = y - 5*y. Calculate the greatest common divisor of 56 and y.
7
Suppose -46 - 39 = -17*a. Let r(b) = -9*b - 1. Let n be r(-4). What is the highest common divisor of n and a?
5
Let f(x) = 15*x**2 - x - 1. Let o be f(-2). Suppose -2*c - n = 34, -3*c + 0*c - o = -n. Let y = c - -35. What is the greatest common divisor of 48 and y?
16
Let f = 10 - -12. Calculate the highest common divisor of f and 11.
11
Let p = 34 + -19. Suppose -2*u - i = -7*u, 0 = -5*u - i - 10. Let t(d) = 14*d**2 - d. Let y be t(u). What is the highest common factor of p and y?
15
Let y(p) = p**3 - 9*p**2 - 2*p - 12. Let a be y(9). Let l = a + 147. What is the greatest common divisor of 13 and l?
13
Let w be ((3/(-12))/((-1)/4))/1. Let g(n) = 2*n**2 - 2*n - 1. Let p be g(-1). What is the greatest common divisor of w and p?
1
Suppose x + 3*x = -88. Let b be (-158)/x + 6/(-33). Let f(k) = -k + 7. Let t be f(-7). What is the greatest common divisor of t and b?
7
Let m = 126 - 73. Let t = -38 + m. Let j = 24 - t. Calculate the greatest common factor of 36 and j.
9
Suppose -13*h = -15*h + 32. Calculate the greatest common factor of h and 20.
4
Suppose 4*m - 29 = 23. Let q be (-8)/(-3) + 2/(-3). Suppose -i + 100 = -4*c, -516 = -5*i + q*c + 2*c. Calculate the greatest common factor of i and m.
13
Suppose -77 = -2*w - 3*s, -4*w + 3*s + 92 = -89. Calculate the greatest common factor of w and 387.
43
Suppose -a - 2 + 4 = 0. Suppose 0 = 2*h, 0 = -3*w - h - 6 - 3. Let z be 33/a + w/6. Calculate the greatest common factor of z and 32.
16
Suppose -3*p + 152 = p. Let k = 0 - 6. Let q be (4/k)/(4/(-570)). Calculate the greatest common divisor of q and p.
19
Suppose -d - 3*d = -2*t - 262, 5*t = -4*d + 227. Suppose 0 = -22*u + 84 + 70. Calculate the highest common divisor of u and d.
7
Let x(d) be the third derivative of 5*d**4/24 + d**3 + 3*d**2. Let v be x(6). Calculate the greatest common divisor of v and 4.
4
Let h = -22 + 28. Calculate the highest common divisor of h and 24.
6
Suppose -5*z = -z + p - 11, -18 = -3*z - 4*p. Suppose z*v - 3*k = 23, -5 = -v + k + 7. Calculate the highest common divisor of v and 91.
13
Let c = 12 - 7. Let s(i) be the third derivative of i**6/60 - i**5/60 + i**4/8 - i**3/2 - i**2. Let x be s(2). Calculate the highest common factor of x and c.
5
Let y = -12 + 17. Suppose -3*s + s = 0. Suppose -4*v - 4 = s, 5*o - 2*v - 67 = 110. What is the highest common factor of o and y?
5
Suppose 3*q - 9 + 3 = 0. Suppose q*p - 270 = -3*p + z, 4*z = -3*p + 162. What is the greatest common divisor of p and 6?
6
Let a be ((-20)/6)/((-4)/42). Suppose 71 = 4*x + 27. Let r = x + -4. Calculate the highest common divisor of r and a.
7
Suppose 12 = 4*m, 0*m - 41 = -5*t + 3*m. Let c = 6 + 34. What is the highest common divisor of c and t?
10
Let l = 24 - -9. Calculate the highest common factor of l and 11.
11
Suppose 0 = -11*d + 7*d + 192. Calculate the greatest common divisor of d and 6.
6
Let p(g) = -g**2 - 7*g + 5. Let b be p(-6). What is the highest common factor of b and 110?
11
Let y(d) = -d**2 + d + 14. Let t be y(6). Let c = t - -27. What is the greatest common divisor of c and 99?
11
Let h = -2 - -18. Suppose 2*r - y - 268 = 2*y, 0 = -r + 4*y + 144. What is the highest common factor of h and r?
16
Let l be 6/2 + (-10)/((-20)/42). What is the greatest common factor of l and 60?
12
Let q = -81 - -161. Calculate the highest common factor of q and 32.
16
Let t(c) = 2*c**3 - 5*c**2 - 4*c + 3. Let h = 22 - 18. Let s be t(h). What is the highest common divisor of s and 14?
7
Let l = 9 + -8. Suppose 2*v = 2*j - 3*j + l, -3*v - 18 = -5*j. Suppose 5*i - 12 = j*i. Calculate the greatest common factor of i and 24.
6
Let k(p) = p**2 - 4*p - 5. Let b be k(5). Suppose v - 5*t - 24 = 0, 5*v - v - 5*t - 51 = b. What is the highest common divisor of 3 and v?
3
Suppose -4*i + 5 + 4 = -n, -3*n = 3*i + 12. Let b be (20 - 10)*(i + 3). What is the highest common factor of b and 16?
8
Let d be (-44)/(-8)*(-7 - -13). What is the highest common divisor of 55 and d?
11
Let b be ((-24)/(-15))/((-2)/(-15)). Suppose 4*d = -b, 5*c + 6*d = d + 175. Suppose -3*a + c = 14. Calculate the highest common factor of 32 and a.
8
Suppose 0 = 2*g - 2*f + 5 - 1, 2*g + 1 = 3*f. Let i be (-4)/18 - 400/(-18). Let o = g + i. What is the greatest common divisor of o and 85?
17
Let t(l) = -5*l - 19. Let y be t(-5). What is the greatest common divisor of 30 and y?
6
Suppose -4*x + 7*x = b - 19, -b - 5 = 0. Let k be 3 - ((-2 - -1) + x). What is the highest common factor of 108 and k?
12
Let c be (14 - 1) + 0/1. Suppose 3*g - 86 - c = 0. Suppose 9 = h + 2*h. Calculate the highest common factor of g and h.
3
Let l = 151 + -96. Let o be (-5)/((3 - 2) + -2). What is the greatest common divisor of o and l?
5
Let o(g) = g**3 - 7*g**2 - g + 4. Let a be o(7). Let i be a*3/(-9)*9. Calculate the highest common factor of i and 63.
9
Let x(d) = -2*d + 1 - 1 + 3*d. Let g be x(6). Let a = 167 + -119. Calculate the highest common factor of a and g.
6
Suppose 0 = 9*l + l - 400. Calculate the highest common factor of 100 and l.
20
Let w be (2/(-4))/((-1)/818). Suppose 623 = -4*j + 3015. Let n = j - w. What is the greatest common divisor of 21 and n?
21
Suppose -2*y + 4*y - z = 1, z + 13 = -4*y. Let q be (-1 + 6)*(-2)/y. What is the greatest common divisor of q and 1?
1
Suppose 4*r = -0*r + 32. Let u be ((-30)/(-40))/(6/r). Calculate the highest common factor of u and 9.
1
Let z = -5 + 8. Suppose -z*u - 4*b + 438 = -440, 3*u - 2*b = 866. Suppose 2*l - 2*k = 194, 5*l + u - 745 = -k. What is the highest common divisor of l and 23?
23
Let k = 26 - 0. What is the greatest common divisor of k and 130?
26
Suppose -2*p + 16 = -4*j, 20 = -2*j - 2*j. Let k be ((-8)/(-16))/(p/(-4)). Calculate the highest common divisor of 1 and k.
1
Suppose 0 = 4*q + g - 21, 2 = 3*q - g - 5. Suppose 0 = -w - j + 51, -q*w = -j - 15 - 204. Calculate the highest common factor of 36 and w.
18
Let a be (-21)/(-35) - (-2)/5. Let v be (-4)/(-10)*(11 - a). Suppose -j - 7 = -2*b, -3*b - 10 = -8*b + 4*j. Calculate the greatest common divisor of b and v.
2
Let f(s) = -s + 6. Let t be f(6). Suppose t = 3*u + 24 - 129. Calculate the greatest common divisor of 14 and u.
7
Let b = 24 + -14. Let p = -40 - -20. Let i be (-2)/(-5) - 192/p. What is the highest common divisor of b and i?
10
Suppose 3*x = -14 + 86. Calculate the greatest common divisor of 120 and x.
24
Let y be (5 - 45/10) + 11/2. What is the greatest common divisor of y and 12?
6
Let z = 71 - 20. What is the highest common factor of z and 17?
17
Let k = -7 + 13. Let s = k + -4. What is the greatest common factor of s and 8?
2
Suppose 3 = -a, 0 = -2*k + 3*a + 2*a + 93. Suppose -3*w = 6 - 45. What is the greatest common divisor of w and k?
13
Suppose -3*b + 9 = -45. What is the greatest common divisor of 2 and b?
2
Suppose 5*q = -2*t - 209, -273 + 62 = 5*q + 3*t. Let x be 2 + -6 + (-66)/(-1). Let h = q + x. What is the greatest common divisor of h and 147?
21
Let z(g) = 7*g**2. Let n be z(4). Suppose 3*h - 6*h + 42 = 0. Calculate the greatest common divisor of n and h.
14
Let u(a) = 5*a + 2. Let b(r) = -6*r - 2. Let x(z) = 4*b(z) + 5*u(z). Let g be x(0). Calculate the greatest common factor of 16 and g.
2
Let d = -6 + 35. What is th